[INFO] fetching crate version_info 0.0.5...
[INFO] checking version_info-0.0.5 against master#e6e4f7ed1589e03bc2f6c5931c1a72e7947e8682 for beta-170-4
[INFO] extracting crate version_info 0.0.5 into /workspace/builds/worker-2-tc2/source
[INFO] validating manifest of crates.io crate version_info 0.0.5 on toolchain e6e4f7ed1589e03bc2f6c5931c1a72e7947e8682
[INFO] running `Command { std: CARGO_HOME="/workspace/cargo-home" RUSTUP_HOME="/workspace/rustup-home" "/workspace/cargo-home/bin/cargo" "+e6e4f7ed1589e03bc2f6c5931c1a72e7947e8682" "metadata" "--manifest-path" "Cargo.toml" "--no-deps", kill_on_drop: false }`
[INFO] started tweaking crates.io crate version_info 0.0.5
[INFO] finished tweaking crates.io crate version_info 0.0.5
[INFO] tweaked toml for crates.io crate version_info 0.0.5 written to /workspace/builds/worker-2-tc2/source/Cargo.toml
[INFO] running `Command { std: CARGO_HOME="/workspace/cargo-home" RUSTUP_HOME="/workspace/rustup-home" __CARGO_TEST_CHANNEL_OVERRIDE_DO_NOT_USE_THIS="nightly" "/workspace/cargo-home/bin/cargo" "+e6e4f7ed1589e03bc2f6c5931c1a72e7947e8682" "generate-lockfile" "--manifest-path" "Cargo.toml" "-Zno-index-update", kill_on_drop: false }`
[INFO] running `Command { std: CARGO_HOME="/workspace/cargo-home" RUSTUP_HOME="/workspace/rustup-home" "/workspace/cargo-home/bin/cargo" "+e6e4f7ed1589e03bc2f6c5931c1a72e7947e8682" "fetch" "--manifest-path" "Cargo.toml", kill_on_drop: false }`
[INFO] running `Command { std: "docker" "create" "-v" "/var/lib/crater-agent-workspace/builds/worker-2-tc2/target:/opt/rustwide/target:rw,Z" "-v" "/var/lib/crater-agent-workspace/builds/worker-2-tc2/source:/opt/rustwide/workdir:ro,Z" "-v" "/var/lib/crater-agent-workspace/cargo-home:/opt/rustwide/cargo-home:ro,Z" "-v" "/var/lib/crater-agent-workspace/rustup-home:/opt/rustwide/rustup-home:ro,Z" "-e" "SOURCE_DIR=/opt/rustwide/workdir" "-e" "CARGO_TARGET_DIR=/opt/rustwide/target" "-e" "CARGO_HOME=/opt/rustwide/cargo-home" "-e" "RUSTUP_HOME=/opt/rustwide/rustup-home" "-w" "/opt/rustwide/workdir" "-m" "1610612736" "--user" "0:0" "--network" "none" "ghcr.io/rust-lang/crates-build-env/linux@sha256:19e73879b68f455e41552ea35293514db52ea292d993f571636dbffedb77a1ee" "/opt/rustwide/cargo-home/bin/cargo" "+e6e4f7ed1589e03bc2f6c5931c1a72e7947e8682" "metadata" "--no-deps" "--format-version=1", kill_on_drop: false }`
[INFO] [stdout] b51d9f6fcff672ec8f0fa25276369443a29f4f7afedfb411d4b8e31c39d9900e
[INFO] running `Command { std: "docker" "start" "-a" "b51d9f6fcff672ec8f0fa25276369443a29f4f7afedfb411d4b8e31c39d9900e", kill_on_drop: false }`
[INFO] running `Command { std: "docker" "inspect" "b51d9f6fcff672ec8f0fa25276369443a29f4f7afedfb411d4b8e31c39d9900e", kill_on_drop: false }`
[INFO] running `Command { std: "docker" "rm" "-f" "b51d9f6fcff672ec8f0fa25276369443a29f4f7afedfb411d4b8e31c39d9900e", kill_on_drop: false }`
[INFO] [stdout] b51d9f6fcff672ec8f0fa25276369443a29f4f7afedfb411d4b8e31c39d9900e
[INFO] running `Command { std: "docker" "create" "-v" "/var/lib/crater-agent-workspace/builds/worker-2-tc2/target:/opt/rustwide/target:rw,Z" "-v" "/var/lib/crater-agent-workspace/builds/worker-2-tc2/source:/opt/rustwide/workdir:ro,Z" "-v" "/var/lib/crater-agent-workspace/cargo-home:/opt/rustwide/cargo-home:ro,Z" "-v" "/var/lib/crater-agent-workspace/rustup-home:/opt/rustwide/rustup-home:ro,Z" "-e" "SOURCE_DIR=/opt/rustwide/workdir" "-e" "CARGO_TARGET_DIR=/opt/rustwide/target" "-e" "CARGO_INCREMENTAL=0" "-e" "RUST_BACKTRACE=full" "-e" "RUSTFLAGS=--cap-lints=forbid" "-e" "RUSTDOCFLAGS=--cap-lints=forbid" "-e" "CARGO_HOME=/opt/rustwide/cargo-home" "-e" "RUSTUP_HOME=/opt/rustwide/rustup-home" "-w" "/opt/rustwide/workdir" "-m" "1610612736" "--user" "0:0" "--network" "none" "ghcr.io/rust-lang/crates-build-env/linux@sha256:19e73879b68f455e41552ea35293514db52ea292d993f571636dbffedb77a1ee" "/opt/rustwide/cargo-home/bin/cargo" "+e6e4f7ed1589e03bc2f6c5931c1a72e7947e8682" "check" "--frozen" "--all" "--all-targets" "--message-format=json", kill_on_drop: false }`
[INFO] [stdout] 4a2a543c9aebf682e539b13f5290ff43f6f4b7fd161fb657c00c1c0248b67cd5
[INFO] running `Command { std: "docker" "start" "-a" "4a2a543c9aebf682e539b13f5290ff43f6f4b7fd161fb657c00c1c0248b67cd5", kill_on_drop: false }`
[INFO] [stderr]    Compiling winapi v0.3.9
[INFO] [stderr]     Checking version_info v0.0.5 (/opt/rustwide/workdir)
[INFO] [stdout] error[E0433]: failed to resolve: could not find `um` in `winapi`
[INFO] [stdout]   --> lib.rs:12:17
[INFO] [stdout]    |
[INFO] [stdout] 12 |     use winapi::um::winver::{GetFileVersionInfoA, GetFileVersionInfoSizeA, VerQueryValueA};
[INFO] [stdout]    |                 ^^ could not find `um` in `winapi`
[INFO] [stdout] 
[INFO] [stdout] 
[INFO] [stdout] error[E0433]: failed to resolve: could not find `um` in `winapi`
[INFO] [stdout]   --> lib.rs:12:17
[INFO] [stdout]    |
[INFO] [stdout] 12 |     use winapi::um::winver::{GetFileVersionInfoA, GetFileVersionInfoSizeA, VerQueryValueA};
[INFO] [stdout]    |                 ^^ could not find `um` in `winapi`
[INFO] [stdout] 
[INFO] [stdout] 
[INFO] [stdout] error[E0433]: failed to resolve: could not find `um` in `winapi`
[INFO] [stdout]   --> lib.rs:52:32
[INFO] [stdout]    |
[INFO] [stdout] 52 |         let mut pinfo: winapi::um::winnt::PVOID = std::ptr::null_mut();
[INFO] [stdout]    |                                ^^ could not find `um` in `winapi`
[INFO] [stdout] 
[INFO] [stdout] 
[INFO] [stdout] error[E0433]: failed to resolve: could not find `um` in `winapi`
[INFO] [stdout]   --> lib.rs:52:32
[INFO] [stdout]    |
[INFO] [stdout] 52 |         let mut pinfo: winapi::um::winnt::PVOID = std::ptr::null_mut();
[INFO] [stdout]    |                                ^^ could not find `um` in `winapi`
[INFO] [stdout] 
[INFO] [stdout] 
[INFO] [stdout] error: aborting due to 2 previous errors
[INFO] [stdout] 
[INFO] [stdout] 
[INFO] [stdout] For more information about this error, try `rustc --explain E0433`.
[INFO] [stdout] 
[INFO] [stdout] error: aborting due to 2 previous errors
[INFO] [stdout] 
[INFO] [stdout] 
[INFO] [stdout] For more information about this error, try `rustc --explain E0433`.
[INFO] [stdout] 
[INFO] [stderr] error: could not compile `version_info` (lib test) due to 3 previous errors
[INFO] [stderr] warning: build failed, waiting for other jobs to finish...
[INFO] [stderr] error: could not compile `version_info` (lib) due to 3 previous errors
[INFO] running `Command { std: "docker" "inspect" "4a2a543c9aebf682e539b13f5290ff43f6f4b7fd161fb657c00c1c0248b67cd5", kill_on_drop: false }`
[INFO] running `Command { std: "docker" "rm" "-f" "4a2a543c9aebf682e539b13f5290ff43f6f4b7fd161fb657c00c1c0248b67cd5", kill_on_drop: false }`
[INFO] [stdout] 4a2a543c9aebf682e539b13f5290ff43f6f4b7fd161fb657c00c1c0248b67cd5
